 f(p) = -4*k(p) - 3*m(p). What are the prime factors of f(-4)?
2, 13
Let z(k) = 3*k**2 + 9*k - 8. What are the prime factors of z(6)?
2, 7, 11
Suppose 0 = -3*c + 3, -18 = -k - 2*k + 3*c. Let w = -4 - k. Let x = -3 - w. List the prime factors of x.
2
Let i(c) = c**2 + 8*c + 14. Let h be i(-6). List the prime factors of 1 + -2 - h - -29.
2, 13
Suppose -2*u + 4 = 5*y - 11, 5*u + 3*y = -10. Let t(i) = -3*i + 2 - 1 - 2. List the prime factors of t(u).
2, 7
Suppose 2*f + y = 379, -5*f = -9*f + 5*y + 751. List the prime factors of f.
3, 7
Suppose -5*s = -5*f - 0*f, -24 = -3*s - 3*f. Suppose 0 = -4*c - s, 2*c - 14 = -2*p + p. What are the prime factors of p?
2
Suppose -2*u + w = -u - 92, -3*u - w + 288 = 0. What are the prime factors of u?
5, 19
Suppose 2 = 2*g - 10. Suppose 2*p + 32 = 2*t, t + 0*p - 2*p - 11 = 0. Suppose 0 = 3*y - t + g. What are the prime factors of y?
5
Suppose 2*b + 2*v + 4 = 0, 5*b - 3*v - 11 - 19 = 0. List the prime factors of (3 + -2)/(b/54).
2, 3
Let a(d) = d**3 - 13*d**2 + 13*d + 11. Let w be a(12). Let h = w + -18. List the prime factors of h.
5
Let a be -6 + 5 - (1 - 2). Suppose 4*y = 20, 5*o - 60 = -a*y - 5*y. List the prime factors of o.
7
Let n(j) = 33*j. Let f be n(-1). Let s = f - -52. List the prime factors of s.
19
List the prime factors of (-5)/15 + 224/6.
37
Suppose 3*t = -5*h - 41, h - 2*h - 5*t - 17 = 0. Let r(a) = -a - 4. What are the prime factors of r(h)?
3
Suppose -n + 3*a = -1, -3*n - 2*a = a + 57. Let m = -7 + -16. Let l = n - m. List the prime factors of l.
3
Suppose 0*p + 6 = 3*p. Suppose -3*o = 5*f - 23, p*o = -4 - 4. List the prime factors of f.
7
Let i be -20*(-1 + -1 - -1). What are the prime factors of (8/(-10))/((-8)/i)?
2
Let i = -9 + 15. Let h = -3 + i. Suppose -2*t = -5*g + 21, 6*g - 2*g - h*t - 14 = 0. List the prime factors of g.
5
Let o(v) = 2*v. Suppose -15 - 3 = -3*d. List the prime factors of o(d).
2, 3
Let r(a) = 2*a**3 + 4*a**2 - 4*a + 4. List the prime factors of r(4).
2, 3, 5
Suppose 4*g - 6*g + 4 = 0. List the prime factors of 2 + 1 + -3 + g.
2
Let j be 3/(-6) - (-14)/(-4). What are the prime factors of 20*(6/j + 2)?
2, 5
Suppose 2*o + 0*o = -5*p - 3, -o - 2*p = 0. Suppose 4*g + 4 = o*g. Suppose 2*v - 24 = -g*r, 30 = 4*r + 3*v - 20. List the prime factors of r.
2, 7
Suppose -3 = -i + 7. What are the prime factors of (2 + 3 + -4)*i?
2, 5
Let t = 2 + 2. Let q = -2 + t. Suppose 5*v = 2*w + 40, -q*v + w + 2*w = -27. List the prime factors of v.
2, 3
Suppose 0*q - q + 6 = 0. What are the prime factors of q?
2, 3
Suppose 6*t - 25 = t. Suppose -a - t = -2*a. Suppose -4*d - 29 = -4*z + 11, 3*d = -a*z + 18. What are the prime factors of z?
2, 3
Suppose -2*d + 11 = -n, 2*d - 26 = -3*d + 3*n. Suppose -92 = d*k - 3*k. Let c = k + 33. List the prime factors of c.
2, 5
Suppose -v = v - 5*o - 36, -40 = -v - 3*o. Let c be 3/((-6)/(-16)) + 2. Let q = v - c. What are the prime factors of q?
2, 3
Let q(d) = -d + 6. Let m = 4 - 4. Let r be q(m). List the prime factors of r/4*(-48)/(-9).
2
Let q(t) = 3*t**2 - 8*t - 2. List the prime factors of q(6).
2, 29
Suppose -2*n + 14 = 3*c - 7*n, -c - 3*n = 0. What are the prime factors of c?
3
Let s = -14 + 15. List the prime factors of 24 + 1/(0 + s).
5
Let t(r) = 7*r**2 + 1 + 11*r**2 - 7*r**2. Let a be t(-1). Suppose 0 = -5*i + i + a. What are the prime factors of i?
3
Suppose 2*b = 3*m - 8, 0 = b - 0*b - 5. Let u be (-20)/m - 2/(-6). What are the prime factors of 10 - (1 - 1)/u?
2, 5
Suppose b - 5*r + 15 = 2*b, 4*b + 2*r - 24 = 0. Let o = -4 + b. Let a = o - -7. What are the prime factors of a?
2
Suppose j + 3*j - 1 = -5*l, -16 = -4*j. List the prime factors of (l - (-1 + -2)) + 6.
2, 3
Suppose -4*j = 3*x - 112, -x - 59 = -2*x + 3*j. What are the prime factors of x?
2, 11
Suppose -y + 4*p = -3 - 4, -4*y = 4*p - 68. Suppose 2*c - y = -w, -w - 2*c = c - 12. List the prime factors of w.
3, 7
Suppose 5*g = 4*z - 5, -2*z - 5*g - 5 = 2*z. Let h = 41 + z. Suppose -2*t - 46 = -4*o - 0*t, -4*o - 3*t + h = 0. List the prime factors of o.
11
Let m(a) = -a**3 + 4*a**2 + 2*a + 1. Let l = 18 + -14. What are the prime factors of m(l)?
3
Let y = 1 + -15. Let t = 11 - y. List the prime factors of t.
5
Suppose 0 = -3*m - 6 - 3. Let i = 8 - m. Suppose 17 = 4*u - i. List the prime factors of u.
7
Let r(c) = 6*c**2 - 7. What are the prime factors of r(3)?
47
Let k(z) = 2*z**2 + 5*z**2 + 1 + 7*z - z**3 - z**2 - z**2. List the prime factors of k(6).
7
Let a be 1 + -3 + 8 + 2. Let g be (18/(-8))/((-3)/a). Let y(v) = v**3 - 5*v**2 - 6*v + 8. What are the prime factors of y(g)?
2
Let k(y) = 35*y**2 - 1. What are the prime factors of k(1)?
2, 17
Suppose -i = -4*i - 3*h + 60, 4 = 4*h. What are the prime factors of i?
19
Suppose 196 = 5*w - 9. What are the prime factors of w?
41
Let q be 2/(-4) - 12/(-8). Suppose x = -5*j - 0*j + 27, j = 3*x - q. Suppose -2*g + x*l = -8, 0*g + 12 = 3*g - 4*l. What are the prime factors of g?
2
Let o = 105 + 69. List the prime factors of o.
2, 3, 29
Suppose -5*s + 557 + 951 = l, -614 = -2*s + 5*l. What are the prime factors of s?
2, 151
Let t(f) = f**2 + 5*f - 6. Let z be t(-6). Suppose -38 = -2*c + 2*a, z = 4*c - 0*a + a - 51. List the prime factors of c.
2, 7
Suppose 0 = 2*s - 4 + 36. Let l = s - -23. List the prime factors of l.
7
Let b(f) = -3*f**2 + 11*f - 6. Let k be b(4). Let i(s) = -s**2 - 12*s + 8. List the prime factors of i(k).
2, 7
Let h be (4/(-5))/(6/(-15)). Let o(t) = -3*t + 2*t - t**h + 7*t + 5. What are the prime factors of o(6)?
5
Let r(y) = y**3 + 6*y**2 + 5*y + 4. Let x be r(-5). Suppose -2*u = -x*i - 20, -5*i - 18 = -3*u + 8. List the prime factors of u.
2
List the prime factors of (-3)/(-2) + 875/10 + -5.
2, 3, 7
Suppose 2*r + 4 = 12. Suppose -112 = -5*x - 2*c, 3*c + 108 = r*x - 0*c. What are the prime factors of x?
2, 3
Suppose -4*m + 66 + 72 = -5*q, 2*m - 3*q = 68. Suppose -2*j + 232 = 2*j. Let t = j - m. List the prime factors of t.
3, 7
Suppose -82 = -4*u + 2*t, -2*u = 3*t - 5 - 16. List the prime factors of (32/(-12))/((-4)/u).
2, 3
Let h(c) = -c**2 + 4*c + 5. Let f be h(5). Let o(r) = -2*r + f*r + 7*r. List the prime factors of o(2).
2, 5
Let l(c) be the first derivative of 0*c - 1/2*c**2 - 2. What are the prime factors of l(-9)?
3
Let f(n) = n**3 + 4*n**2 + 3*n + 2. Let h be f(-3). Suppose -h*d + 2*p = -4, 1 = -4*d + 3*p + 11. List the prime factors of d.
2
Suppose -2*k + k - y = -5, 2*k - 4*y + 2 = 0. Let h = k + -3. Suppose -12 = -h*n - 3*n. What are the prime factors of n?
2
Let v = 3 - 6. Let y be (v/2 - -1)*0. Suppose -f - 3 + 5 = y. What are the prime factors of f?
2
Suppose -4*i + 430 = -138. List the prime factors of i.
2, 71
Let v(n) = -13*n + 42. What are the prime factors of v(-6)?
2, 3, 5
Suppose 0 = -4*q + 2*q - 10, -2*j + q = -545. List the prime factors of j.
2, 3, 5
Let k(w) be the first derivative of w**2 + w + 1. List the prime factors of k(1).
3
Suppose 0 = -4*m - 4*m + 248. List the prime factors of m.
31
Let q = 6 - 1. Let x = q - -1. What are the prime factors of x?
2, 3
Let n = -4 - -6. Suppose -m + n*b = 2*m - 63, m + 5*b - 4 = 0. Let u = m - 13. List the prime factors of u.
2, 3
Suppose a + 122 = 5*k, -k + 31 = 4*a - 2*a. What are the prime factors of k?
5
Let s(c) = 4*c**2 + 9*c + 3. What are the prime factors of s(7)?
2, 131
Suppose 0 = 2*b + 23 - 81. Suppose -b - 23 = -4*c. List the prime factors of c.
13
Let a = 16 + -14. Let s be -2 - (5 - -2)*-1. Suppose 0 = -a*c + s*c + 4*d - 21, -3*c - 2*d + 21 = 0. List the prime factors of c.
7
Let x be 2*(0 - -1) - 1. Suppose h + 3*p = -7, 3*h = -p - 4 - x. What are the prime factors of h/(-4) + 86/8?
11
Let w(g) = -g**2 + g + 4. Let v be w(4). What are the prime factors of (-2)/2 + 3 - v?
2, 5
Let i be (-8)/(-12) + (-434)/(-6). Suppose 4*v + s + i = 20, 2*s = 6. Let o = -1 - v. List the prime factors of o.
13
Let b(d) = d**2 + 2*d. Let u be b(-3). Suppose 2 = 5*a - u. What are the prime factors of ((-33)/9)/(a/(-3))?
11
Suppose 3*u + 3*r + 3 = 0, 0*u + 4 = -5*u - 4*r. Suppose -4*y + 16 + 0 = u. Let q = 0 + y. List the prime factors of q.
2
Let y(v) = -v**3 + 8*v**2 + v - 2. What are the prime factors of y(8)?
2, 3
Let p(w) = -w**3 - 7*w**2 - 6*w + 3. Let l be p(-6). Suppose -l*o + 80 = 2*o. What are the prime factors of o?
2
Let y be (-12)/(-12) + (-2)/2. 